)?
4
Let w(v) = 1292*v + 513. What is the tens digit of w(9)?
4
Let u(o) = 2*o**2 - 14*o + 1. Let k be u(7). Suppose -4*w = k - 257. What is the tens digit of w?
6
What is the tens digit of (2/3)/(98/4433814)?
6
Let t(y) = -420*y + 98. What is the units digit of t(-6)?
8
Let b = -50 + 29. Let n = b + 41. Let i = 107 - n. What is the units digit of i?
7
Let o(t) = 18*t**3 + 2*t**2 + 26*t - 99. What is the hundreds digit of o(5)?
3
Suppose -53*p - 4*p + 355488 = -15*p. What is the thousands digit of p?
8
Suppose -n + 18 = 91. Suppose r - 4 = 3*p, -18 = -5*r + 3*p + 14. Let x = r - n. What is the units digit of x?
0
Suppose -4*u + w - 257 = -711, -4*u + 464 = 4*w. Let f(d) = 10*d + 3. Let a be f(4). Let t = u + a. What is the units digit of t?
7
Let i(s) be the second derivative of s**5/20 - 3*s**4/4 + 11*s**3/6 + 3*s**2 - s. Let q(d) = -2*d + 25. Let h be q(8). What is the units digit of i(h)?
5
Suppose 9*n = 6*n + 6. Suppose 0 = n*f + 6*f - 2312. What is the hundreds digit of f?
2
Let j(v) be the third derivative of -v**5/60 + 11*v**4/8 - v**3 - 2*v**2 - 241*v. What is the units digit of j(24)?
0
Let b = -25 + -9. Let x(v) = 2*v**2 + 62*v + 40. What is the tens digit of x(b)?
4
What is the units digit of (2486/(-2) + 1)*376*(-33)/792?
8
Let m = -216 - -126. What is the units digit of (735 + -1 + 0)/(m/(-45))?
7
Suppose -5*r - 3*p - 1759 + 15072 = 0, -r + p + 2661 = 0. What is the thousands digit of r?
2
Let j(a) = a - 43. Let b be j(0). Let m = 288 + -209. Let p = b + m. What is the units digit of p?
6
Let g(f) = -f**3 + 8*f**2 + 7*f + 21. Let x be g(9). Suppose -1106 = -x*k + 2*j, j + 3*j + 1102 = 3*k. What is the units digit of k?
0
Let j be -4 - (4 + -5) - -31. Suppose -4 = x, -6*z + 4*x + j = -2*z. What is the tens digit of z*53/(-9)*-3 + -2?
5
Let y = 2857 + -1786. Let w = y - 679. What is the tens digit of w?
9
Suppose 7 = o + 2*h, 0 = -4*o - 0*o + 4*h + 4. Suppose 0 = y - o*g - 122, 118 = y - g - 3*g. Let a = y - 75. What is the tens digit of a?
5
Suppose 1395 = 5*v - 5*u, -8*u = -v - 4*u + 270. Let x = -149 + v. What is the tens digit of x?
3
Let p = -12106 - -20230. What is the tens digit of p?
2
Let k(m) = 3*m**3 - 9*m**2 - 2*m - 10. Let f be k(7). What is the hundreds digit of (-18680)/(-14) - (7 + f/(-84))?
3
Let a be (-10)/(-2)*(-13080)/200. What is the tens digit of a/(-2*(-15)/(-10))?
0
Let s(k) = 15*k**2 + 81*k + 389. What is the tens digit of s(33)?
9
Suppose 0 = 3*f + f + 20. Let s(a) be the third derivative of a**4/24 + 5*a**3/3 + a**2 - 4*a. What is the units digit of s(f)?
5
Let p(a) be the third derivative of a**6/15 + a**5/15 - a**4/2 + 49*a**3/6 - 269*a**2. What is the thousands digit of p(5)?
1
Suppose 3*j - 440 = -p + 243, -3 = 3*p. What is the tens digit of (-4)/38 - (-18720)/j?
8
Let x(m) = -12*m - 67. Let z be x(-15). Suppose -3*i + 347 = -w, 7*i + z = 8*i - 3*w. What is the hundreds digit of i?
1
Let u(a) = 4*a**2 + 97*a - 160. What is the tens digit of u(45)?
0
Suppose 21 + 109 = 2*q. Suppose n + 17 = -0*n + v, -v + q = -5*n. Let m = n + 14. What is the units digit of m?
2
Suppose -4*w = 2*m - 10, m - 5 = -3*w + 2. Let b(f) = 5*f**2 - 2*f - 1. Let i be b(m). What is the hundreds digit of ((-24)/9 + i)/(13/(-2886))?
1
Suppose 0 = -9*n + 73 + 17. Let b(t) = -t**2 + 56*t + 4. What is the tens digit of b(n)?
6
Let s be (-10)/(-3)*(-270)/150. What is the tens digit of (-3)/(-3 - s)*-454?
5
Suppose j - 4 = 0, -711 = -q + 2*j + 1422. What is the hundreds digit of q?
1
Let p(w) = -w**3 + 8*w**2 - 6*w + 3. Let c be p(8). Let j be 3*(-10)/(-6)*1044/c. Let f = j - -259. What is the units digit of f?
3
What is the thousands digit of ((-5110)/(-84))/73 - 492127/(-6)?
2
Let b(a) = -9*a + 66. Let v(n) = -143*n + 1056. Let u(s) = 33*b(s) - 2*v(s). What is the units digit of u(-16)?
2
Let b = -7632 - -5392. Let v = b - -3438. What is the hundreds digit of v?
1
What is the tens digit of 6 + (-11)/(44/(-152))*48705/30?
9
Suppose -7398 = -10*r + 13832. Suppose r + 3267 = 14*v. What is the units digit of v?
5
Suppose 0 = -9*n + 16368 + 28614. Suppose n = 13*z - 7*z. What is the units digit of z?
3
Suppose 12 = -4*n - 4, 0 = -z - 5*n - 15. Suppose -245 = -z*a + t + 4*t, -168 = -4*a - 3*t. What is the tens digit of a?
4
What is the thousands digit of ((-6699)/(-12) - 4/(-16))/((-30)/(-180))?
3
Let g be (6378/(-12) - -10) + (-2)/(-4). What is the units digit of (g - 0/(-2))*(-9 + 8)?
1
Let o(f) = -48*f**3 + 6*f**2 + 3*f - 4. Let v be o(-3). Suppose 2*c + 5*p - v = 0, -4*c + 3412 - 711 = p. What is the units digit of c?
6
Let s(m) = -m - 8. Let y be s(-13). Let x(u) = -u + 16. Let i be x(y). Suppose i*w - 1437 + 7 = 0. What is the units digit of w?
0
Let b(w) = 7*w**2 - 7*w + 25. Let v(m) = -2*m**2 - 14*m + 40. Let k be v(-9). What is the hundreds digit of b(k)?
1
Let r(c) = 2*c**2 - 7*c - 1. Let z be r(5). Let b = z - 13. What is the tens digit of (4 - -37)*b + 0?
4
Let f(a) be the second derivative of 0 - 8*a + 61*a**2 + 1/6*a**3. What is the tens digit of f(0)?
2
Suppose -86*t + 586242 = -481997 + 127055. What is the ten thousands digit of t?
1
Suppose 10*k - 66472 = 35758. What is the thousands digit of k?
0
Suppose 17*g - 21*g = 4, -5*o = -5*g - 97250. What is the hundreds digit of o?
4
Let y(z) = 291*z - 1. Let o = 47 + -48. Let q be y(o). Let s = -127 - q. What is the hundreds digit of s?
1
Let l be -1 + (-12)/6 + 2. What is the tens digit of (178/8)/(l/(-4)) + 3?
9
Suppose r - 36*r + 577759 = 14*r. What is the thousands digit of r?
1
Let f(p) = 4*p + 4*p - 6*p + 1 - 2*p**2 - 10*p**3. Let d be f(-2). Let g = -18 + d. What is the units digit of g?
1
What is the units digit of ((-16)/10)/(18/1497*7/(-525))?
0
Let t(l) = 474*l + 8. Let c be t(4). Suppose -17*j = -21*j + c. What is the hundreds digit of j?
4
Let o(i) = 2*i**2 - 10*i + 1. Let j be o(5). Suppose -4*v = 3 + j, 3*z - 4*v - 19 = 0. Suppose z*u + 251 = 2*r, 125 = r - u - u. What is the units digit of r?
3
Suppose 16*r + 16374 = -7194. Let v = r + 1013. Let d = -300 - v. What is the units digit of d?
0
Let j(k) = -190*k**2 + 9*k. Let u(p) = -p**2 - 2*p. Let q(o) = -j(o) - 5*u(o). What is the hundreds digit of q(1)?
1
Let b(t) be the second derivative of -21*t - 3/2*t**3 + 1/6*t**4 + 0 + 11*t**2. What is the units digit of b(-7)?
3
Suppose -t + 5*o - 4*o + 13257 = 0, 8 = 4*o. What is the hundreds digit of t?
2
Let o = 614 - 611. Suppose h - 2*h + 5*y + 607 = 0, -o*h = -4*y - 1843. What is the units digit of h?
7
Let f = 2614 - 1645. What is the units digit of f?
9
Let g(t) = t + 29. Let p be g(-11). Suppose p*n = 8278 - 1438. What is the units digit of n?
0
Let q(w) = 58*w**2 - 4*w + 8. Let l be q(3). Let s = l - 275. What is the tens digit of s?
4
Let f(l) = l**3 - 2*l**2 + 2*l + 1. Let x be f(2). Let j(s) = 11*s**2 + 20*s - 10. What is the hundreds digit of j(x)?
3
What is the ten thousands digit of (-400)/(-125) - 2612953/(-35)?
7
Suppose 0 = -4*f + 2*f + w + 2707, 2*f = -4*w + 2712. Suppose -8*p = 410 - f. What is the hundreds digit of p?
1
Suppose -37*p - 12 = -41*p. Suppose p*f = -4*x + 356 + 530, 4*x + f = 890. What is the units digit of x?
3
Let u = 653 - 1265. Let k = u + 427. What is the units digit of 7/((-7)/k) + -5?
0
What is the units digit of 34/((-340)/210)*(2000/(-6) - -1)?
9
Let r = 773 + 321. Let f = -485 + r. What is the tens digit of f?
0
Suppose 0 = 5*c - 4*i + 3*i - 819, 0 = 3*c + 5*i - 469. Suppose -35*y - 879 - 3986 = 0. Let k = y + c. What is the tens digit of k?
2
Suppose 0 = 4*h + 441 - 11873. What is the thousands digit of h?
2
Suppose 0 = -22*t - 971 - 965. Let y = 230 - t. What is the units digit of y?
8
What is the thousands digit of (-5697198)/(-208) + 70/112?
7
Suppose -c - 86793 = -5*a, 56*c = -a + 59*c + 17367. What is the hundreds digit of a?
3
Let m(g) = -32*g**3 - 16*g**2 - 30*g - 28. What is the thousands digit of m(-7)?
0
Let f(r) = r - 16. Let u be f(24). Suppose -v = 3*l - 4 + 11, u = 4*v + 3*l. Suppose v*b - 218 = 3*b. What is the hundreds digit of b?
1
Suppose 18 + 7 = -5*q. Let n be ((-1)/(-4))/(q - 1364/(-272)). Suppose b - n = y - 3*y, 5*y - 5*b = 35. What is the units digit of y?
8
Let f be 1253/9 + 4/(-18). Let i(p) = p**3 - 14*p**2 - 22*p + 35. Let u be i(15). Let r = u + f. What is the units digit of r?
9
Suppose -15*v +